de 1210132?
True
Is 132850 a multiple of 41?
False
Is 2 a factor of 200040?
True
Is 372681 a multiple of 107?
True
Is 36432 a multiple of 198?
True
Is 556794 a multiple of 411?
False
Is 19 a factor of 36442?
True
Is 34 a factor of 409245?
False
Is 37 a factor of 906537?
True
Is 155 a factor of 102455?
True
Is 517926 a multiple of 7?
False
Is 4 a factor of 1196208?
True
Is 246561 a multiple of 21?
True
Does 144 divide 11373398?
False
Is 607068 a multiple of 297?
True
Does 23 divide 15660846?
False
Is 18 a factor of 155358?
True
Is 95 a factor of 10670495?
True
Is 505 a factor of 17551924?
False
Does 170 divide 110081?
False
Does 122 divide 33916?
True
Is 113320 a multiple of 5?
True
Is 23 a factor of 4365768?
True
Is 201339 a multiple of 10?
False
Is 15 a factor of 2314345?
False
Is 32 a factor of 49664?
True
Is 18 a factor of 290376?
True
Is 47 a factor of 6105300?
True
Does 59 divide 234879?
True
Does 234 divide 1049724?
True
Does 20 divide 251746?
False
Is 16 a factor of 27120?
True
Is 943854 a multiple of 47?
True
Is 8 a factor of 460586?
False
Is 211 a factor of 14236955?
False
Is 7442260 a multiple of 140?
True
Is 287047 even?
False
Is 65638 a multiple of 2?
True
Is 17 a factor of 6416979?
False
Does 554 divide 2207690?
True
Does 9 divide 325029?
False
Is 4229128 a multiple of 232?
True
Is 17 a factor of 107684?
False
Is 5967631 a multiple of 194?
False
Is 730292 a multiple of 711?
False
Is 188 a factor of 318284?
True
Is 157504 a multiple of 23?
True
Does 216 divide 1181644?
False
Is 372 a factor of 232872?
True
Is 256152 a multiple of 156?
True
Is 48 a factor of 6960?
True
Does 256 divide 554496?
True
Is 37 a factor of 801215?
False
Is 16 a factor of 662384?
True
Does 5 divide 62855?
True
Does 17 divide 1011177?
True
Is 256729 a multiple of 435?
False
Is 5 a factor of 61240?
True
Is 141 a factor of 63464?
False
Is 19213950 a multiple of 652?
False
Is 107880 a multiple of 30?
True
Is 572218 a multiple of 18?
False
Is 7114597 a multiple of 10?
False
Is 223 a factor of 8109855?
False
Is 2406701 a multiple of 476?
False
Does 48 divide 16626144?
True
Is 235 a factor of 502474?
False
Is 47 a factor of 3123756?
False
Does 102 divide 1846560?
False
Does 13 divide 4040031?
False
Is 2715342 a multiple of 51?
True
Is 199 a factor of 6279600?
False
Is 572 a factor of 6305692?
False
Does 86 divide 100878?
True
Is 4 a factor of 7955126?
False
Does 309 divide 1180940?
False
Is 112 a factor of 645475?
False
Does 69 divide 935365?
False
Is 293 a factor of 2597930?
False
Is 330354 a multiple of 35?
False
Does 1381 divide 11012636?
False
Does 196 divide 1027040?
True
Is 14 a factor of 188482?
True
Is 113 a factor of 40877?
False
Is 5973350 a multiple of 965?
True
Is 6040943 a multiple of 37?
False
Does 9 divide 203742?
True
Is 22041742 a multiple of 648?
False
Is 6451549 a multiple of 1619?
False
Is 13 a factor of 352157?
True
Is 10 a factor of 2011948?
False
Is 14 a factor of 87353?
False
Does 34 divide 6288368?
True
Does 9 divide 144628?
False
Is 7 a factor of 195650?
True
Is 9 a factor of 1998926?
False
Is 1178870 a multiple of 35?
True
Is 5 a factor of 32699?
False
Is 203 a factor of 16556064?
False
Is 3 a factor of 70171?
False
Does 60 divide 3066480?
True
Is 13281814 a multiple of 26?
True
Does 31 divide 28115140?
True
Is 19 a factor of 741?
True
Does 7 divide 434839?
False
Is 54 a factor of 7093?
False
Is 180992 a multiple of 112?
True
Is 4170024 a multiple of 12?
True
Is 115320 a multiple of 62?
True
Is 30 a factor of 149700?
True
Does 61 divide 11138?
False
Is 5 a factor of 76564?
False
Does 14 divide 2454004?
True
Does 34 divide 2322987?
False
Is 2 a factor of 434117?
False
Is 29 a factor of 2195218?
False
Is 22 a factor of 2150559?
False
Is 6 a factor of 15617769?
False
Is 588984 a multiple of 92?
True
Is 15300 a multiple of 25?
True
Is 8788008 a multiple of 12?
True
Is 2518 even?
True
Is 19414094 a multiple of 766?
False
Is 3791241 a multiple of 24?
False
Is 59497 a multiple of 37?
False
Does 285 divide 3083415?
True
Is 6 a factor of 238812?
True
Does 236 divide 1571524?
True
Is 27476 a multiple of 27?
False
Does 12 divide 547381?
False
Is 300 a factor of 2974552?
False
Is 21467372 a multiple of 996?
False
Is 67 a factor of 8266594?
True
Does 19 divide 15991844?
True
Is 8469384 a multiple of 84?
True
Is 59 a factor of 681627?
True
Does 465 divide 1547435?
False
Is 58 a factor of 14036?
True
Is 672357 a multiple of 3?
True
Is 346536 a multiple of 6?
True
Is 11 a factor of 570623?
False
Does 587 divide 21719?
True
Is 7136071 a multiple of 557?
False
Is 1429 a factor of 9378527?
True
Is 40 a factor of 1440209?
False
Does 8 divide 573272?
True
Is 91 a factor of 299845?
True
Is 10690081 a multiple of 458?
False
Is 60 a factor of 539940?
True
Is 184 a factor of 5140742?
False
Is 182920 a multiple of 40?
True
Is 771224 a multiple of 11?
False
Is 150396 a multiple of 37?
False
Is 221102 a multiple of 104?
False
Is 297 a factor of 1020795?
False
Is 153381 a multiple of 129?
True
Is 29 a factor of 1478?
False
Is 121639 a multiple of 7?
True
Is 952 a factor of 513128?
True
Is 136 a factor of 3671604?
False
Does 19 divide 108851?
True
Is 320 a factor of 298068?
False
Is 193124 a multiple of 10?
False
Is 2394850 a multiple of 1135?
True
Is 203 a factor of 730802?
False
Is 3 a factor of 103311?
True
Is 4536450 a multiple of 225?
True
Does 44 divide 28505?
False
Is 4804334 a multiple of 40?
False
Does 37 divide 836052?
True
Is 245 a factor of 346880?
False
Is 2871 a factor of 31555161?
True
Is 104700 a multiple of 15?
True
Does 78 divide 101946?
True
Is 13295676 a multiple of 367?
True
Does 27 divide 81186?
False
Is 68140 a multiple of 68?
False
Is 371204 a multiple of 13?
False
Does 31 divide 990667?
True
Is 1127084 a multiple of 14?
True
Does 13 divide 16945669?
True
Is 2218575 a multiple of 566?
False
Does 3 divide 21112?
False
Does 66 divide 745404?
True
Is 623 a factor of 10242743?
True
Is 52 a factor of 7164?
False
Is 268114 a multiple of 8?
False
Is 33495912 a multiple of 138?
True
Does 55 divide 438955?
True
Is 303 a factor of 9008336?
False
Is 17 a factor of 514522?
True
Is 16 a factor of 3956924?
False
Is 4391267 a multiple of 30?
False
Is 77 a factor of 96327?
True
Is 28 a factor of 543677?
False
Is 113204 a multiple of 25?
False
Is 173 a factor of 1956586?
False
Is 113331 a multiple of 105?
False
Does 85 divide 157845?
True
Is 5 a factor of 3075758?
False
Is 2 a factor of 18288?
True
Does 7 divide 74995?
False
Is 9144 even?
True
Does 9 divide 131733?
True
Does 7 divide 486006?
False
Is 46 a factor of 599886?
True
Does 10 divide 1286420?
True
Is 1451528 a multiple of 28?
False
Does 2 divide 1562557?
False
Is 18998 a multiple of 84?
False
Is 128 a factor of 3582544?
False
Is 6527279 a multiple of 6?
False
Is 193 a factor of 5488727?
True
Is 7041087 a multiple of 1622?
False
Does 26 divide 39936?
True
Is 22 a factor of 47267?
False
Is 19 a factor of 1076693?
False
Is 51 a factor of 43047?
False
Is 1129500 a multiple of 251?
True
Does 152 divide 13570104?
True
Does 3 divide 2457?
True
Is 360588 a multiple of 302?
True
Does 294 divide 4478432?
False
Does 13 divide 18408?
True
Does 148 divide 31006132?
False
Is 2902800 a multiple of 1230?
True
Is 9 a factor of 163734?
False
Does 20 divide 10724520?
True
Is 2035 a factor of 25297085?
True
Does 23 divide 10994?
True
Is 18 a factor of 22359593?
False
Does 269 divide 12735536?
True
Is 82590 a multiple of 6?
True
Does 265 divide 5092724?
False
Is 22083 a multiple of 27?
False
Is 111 a factor of 32047365?
True
Does 8 divide 122930?
False
Does 20 divide 67080?
True
Is 2 a factor of 44480?
True
Is 9 a factor of 698043?
False
Is 127 a factor of 921004?
True
Does 9 divide 1964877?
False
Is 499 a factor of 6377564?
False
Is 54 a factor of 192907?
False
Is 9398005 a multiple of 167?
False
Is 48578 a multiple of 4?
False
Is 37 a factor of 1494188?
False
Does 548 divide 543616?
True
Does 88 divide 488511?
False
Is 16 a factor of 2059408?
True
Is 1013 a factor of 331644?
False
Is 246 a factor of 1049436?
True
Is 633786 a multiple of 6?
True
Is 16985237 a multiple of 38?
False
Is 828263 a multiple of 12?
False
Is 353 a factor of 648461?
True
Does 91 divide 2975492?
False
Is 1460 a multiple of 10?
True
Is 19 a fac